{"id":316,"date":"2011-05-10T14:12:54","date_gmt":"2011-05-10T12:12:54","guid":{"rendered":"http:\/\/s141058958.onlinehome.fr\/wp\/?page_id=316"},"modified":"2021-03-18T16:25:45","modified_gmt":"2021-03-18T15:25:45","slug":"les-sections-europeennes-anglais","status":"publish","type":"page","link":"https:\/\/lyceedechamalieres.fr\/?page_id=316","title":{"rendered":"la section europ\u00e9enne Anglais"},"content":{"rendered":"<p>Ma\u00eetriser une langue vivante \u00e9trang\u00e8re est en soi une source de plaisir, ind\u00e9pendamment de toute \u00ab utilit\u00e9 \u00bb. Plaisir li\u00e9 \u00e0 la perception des subtilit\u00e9s des expressions et des jeux de mots, \u00e0 la lecture, ou \u00e0 la vision d&rsquo;un film en VO\u2026 Plaisir de communiquer directement avec les autres\u2026 de mieux appr\u00e9hender leur histoire et leur culture.<br \/>\nL&rsquo;anglais est devenu, dans de tr\u00e8s nombreux domaines, une langue incontournable. Les jeunes la rencontrent tr\u00e8s t\u00f4t avec les jeux video et internet. Dans la vie professionnelle sa ma\u00eetrise est devenue indispensable. Les rencontres internationales, dans tous les domaines, sont de plus en plus fr\u00e9quentes et n\u00e9cessaires, et les \u00e9changes se font principalement en anglais.<\/p>\n<a href=\"\/_pdf\/euro-general.pdf\" class=\"pdfemb-viewer\" style=\"\" data-width=\"max\" data-height=\"max\" data-mobile-width=\"500\"  data-scrollbar=\"none\" data-download=\"on\" data-tracking=\"on\" data-newwindow=\"on\" data-pagetextbox=\"off\" data-scrolltotop=\"off\" data-startzoom=\"100\" data-startfpzoom=\"100\" data-toolbar=\"both\" data-toolbar-fixed=\"off\">euro-general<br\/><\/a>\n","protected":false},"excerpt":{"rendered":"<p>Ma\u00eetriser une langue vivante \u00e9trang\u00e8re est en soi une source de plaisir, ind\u00e9pendamment de toute \u00ab utilit\u00e9 \u00bb. Plaisir li\u00e9 \u00e0 la perception des subtilit\u00e9s [&#8230;]<\/p>\n","protected":false},"author":1,"featured_media":0,"parent":319,"menu_order":18,"comment_status":"closed","ping_status":"closed","template":"","meta":{"footnotes":""},"class_list":["post-316","page","type-page","status-publish","hentry"],"_links":{"self":[{"href":"https:\/\/lyceedechamalieres.fr\/index.php?rest_route=\/wp\/v2\/pages\/316","targetHints":{"allow":["GET"]}}],"collection":[{"href":"https:\/\/lyceedechamalieres.fr\/index.php?rest_route=\/wp\/v2\/pages"}],"about":[{"href":"https:\/\/lyceedechamalieres.fr\/index.php?rest_route=\/wp\/v2\/types\/page"}],"author":[{"embeddable":true,"href":"https:\/\/lyceedechamalieres.fr\/index.php?rest_route=\/wp\/v2\/users\/1"}],"replies":[{"embeddable":true,"href":"https:\/\/lyceedechamalieres.fr\/index.php?rest_route=%2Fwp%2Fv2%2Fcomments&post=316"}],"version-history":[{"count":24,"href":"https:\/\/lyceedechamalieres.fr\/index.php?rest_route=\/wp\/v2\/pages\/316\/revisions"}],"predecessor-version":[{"id":10714,"href":"https:\/\/lyceedechamalieres.fr\/index.php?rest_route=\/wp\/v2\/pages\/316\/revisions\/10714"}],"up":[{"embeddable":true,"href":"https:\/\/lyceedechamalieres.fr\/index.php?rest_route=\/wp\/v2\/pages\/319"}],"wp:attachment":[{"href":"https:\/\/lyceedechamalieres.fr\/index.php?rest_route=%2Fwp%2Fv2%2Fmedia&parent=316"}],"curies":[{"name":"wp","href":"https:\/\/api.w.org\/{rel}","templated":true}]}}