{"id":4394,"date":"2014-05-22T11:12:34","date_gmt":"2014-05-22T09:12:34","guid":{"rendered":"http:\/\/www.lyceedechamalieres.fr\/?page_id=4394"},"modified":"2025-08-26T10:14:34","modified_gmt":"2025-08-26T08:14:34","slug":"la-vie-scolaire","status":"publish","type":"page","link":"https:\/\/lyceedechamalieres.fr\/?page_id=4394","title":{"rendered":"La vie scolaire"},"content":{"rendered":"<div style=\"text-align: center;\"><\/div>\n<table border=\"0\" width=\"100%\" cellspacing=\"0\" cellpadding=\"0\">\n<tbody>\n<tr>\n<td colspan=\"3\" width=\"100%\">\n<p align=\"center\"><img loading=\"lazy\" decoding=\"async\" class=\"alignnone wp-image-10110 size-thumbnail\" src=\"http:\/\/www.lyceedechamalieres.fr\/wp-content\/uploads\/2020\/07\/hm-150x150.jpg\" alt=\"\" width=\"150\" height=\"150\" srcset=\"https:\/\/lyceedechamalieres.fr\/wp-content\/uploads\/2020\/07\/hm-150x150.jpg 150w, https:\/\/lyceedechamalieres.fr\/wp-content\/uploads\/2020\/07\/hm-144x144.jpg 144w, https:\/\/lyceedechamalieres.fr\/wp-content\/uploads\/2020\/07\/hm.jpg 219w\" sizes=\"auto, (max-width: 150px) 100vw, 150px\" \/><br \/>\nAutour de\u00a0<strong>M. TRAULL\u00c9 <\/strong>(Proviseur),<br \/>\nl&rsquo;\u00e9quipe de direction du lyc\u00e9e est compos\u00e9e de :<\/p>\n<\/td>\n<\/tr>\n<tr>\n<td width=\"33%\">\n<p align=\"center\"><strong><img loading=\"lazy\" decoding=\"async\" class=\"alignnone wp-image-10112\" src=\"http:\/\/www.lyceedechamalieres.fr\/wp-content\/uploads\/2020\/07\/wm-150x150.jpg\" alt=\"\" width=\"101\" height=\"101\" srcset=\"https:\/\/lyceedechamalieres.fr\/wp-content\/uploads\/2020\/07\/wm-150x150.jpg 150w, https:\/\/lyceedechamalieres.fr\/wp-content\/uploads\/2020\/07\/wm-144x144.jpg 144w, https:\/\/lyceedechamalieres.fr\/wp-content\/uploads\/2020\/07\/wm.jpg 200w\" sizes=\"auto, (max-width: 101px) 100vw, 101px\" \/><br \/>\nMme BOUSSANGE<\/strong><br \/>\n(Proviseure-Adjointe)<\/p>\n<\/td>\n<td width=\"33%\">\n<p align=\"center\"><strong><strong><img loading=\"lazy\" decoding=\"async\" class=\"alignnone wp-image-10110 \" src=\"http:\/\/www.lyceedechamalieres.fr\/wp-content\/uploads\/2020\/07\/hm-150x150.jpg\" alt=\"\" width=\"106\" height=\"106\" srcset=\"https:\/\/lyceedechamalieres.fr\/wp-content\/uploads\/2020\/07\/hm-150x150.jpg 150w, https:\/\/lyceedechamalieres.fr\/wp-content\/uploads\/2020\/07\/hm-144x144.jpg 144w, https:\/\/lyceedechamalieres.fr\/wp-content\/uploads\/2020\/07\/hm.jpg 219w\" sizes=\"auto, (max-width: 106px) 100vw, 106px\" \/><br \/>\n<\/strong><\/strong><strong>M. SOBREIRO<\/strong><br \/>\n(DDFPT &#8211; Chef de Travaux)<\/p>\n<\/td>\n<td width=\"33%\">\n<p align=\"center\"><strong><img loading=\"lazy\" decoding=\"async\" class=\"alignnone wp-image-10112\" src=\"http:\/\/www.lyceedechamalieres.fr\/wp-content\/uploads\/2020\/07\/wm-150x150.jpg\" alt=\"\" width=\"101\" height=\"101\" srcset=\"https:\/\/lyceedechamalieres.fr\/wp-content\/uploads\/2020\/07\/wm-150x150.jpg 150w, https:\/\/lyceedechamalieres.fr\/wp-content\/uploads\/2020\/07\/wm-144x144.jpg 144w, https:\/\/lyceedechamalieres.fr\/wp-content\/uploads\/2020\/07\/wm.jpg 200w\" sizes=\"auto, (max-width: 101px) 100vw, 101px\" \/><\/strong><br \/>\n<strong>Mme GIUDICELLI<\/strong><br \/>\n(Secr\u00e9taire G\u00e9n\u00e9rale Intendance)<\/p>\n<\/td>\n<\/tr>\n<tr>\n<td width=\"33%\">\n<p align=\"center\"><strong><img loading=\"lazy\" decoding=\"async\" class=\"alignnone wp-image-10112\" src=\"http:\/\/www.lyceedechamalieres.fr\/wp-content\/uploads\/2020\/07\/wm-150x150.jpg\" alt=\"\" width=\"101\" height=\"101\" srcset=\"https:\/\/lyceedechamalieres.fr\/wp-content\/uploads\/2020\/07\/wm-150x150.jpg 150w, https:\/\/lyceedechamalieres.fr\/wp-content\/uploads\/2020\/07\/wm-144x144.jpg 144w, https:\/\/lyceedechamalieres.fr\/wp-content\/uploads\/2020\/07\/wm.jpg 200w\" sizes=\"auto, (max-width: 101px) 100vw, 101px\" \/><br \/>\nMme DUGRATOUX<\/strong><br \/>\n(CPE)<\/p>\n<\/td>\n<td width=\"33%\">\n<p align=\"center\"><strong><img loading=\"lazy\" decoding=\"async\" class=\"alignnone wp-image-10112\" src=\"http:\/\/www.lyceedechamalieres.fr\/wp-content\/uploads\/2020\/07\/wm-150x150.jpg\" alt=\"\" width=\"101\" height=\"101\" srcset=\"https:\/\/lyceedechamalieres.fr\/wp-content\/uploads\/2020\/07\/wm-150x150.jpg 150w, https:\/\/lyceedechamalieres.fr\/wp-content\/uploads\/2020\/07\/wm-144x144.jpg 144w, https:\/\/lyceedechamalieres.fr\/wp-content\/uploads\/2020\/07\/wm.jpg 200w\" sizes=\"auto, (max-width: 101px) 100vw, 101px\" \/><\/strong><strong><br \/>\nMme REINICHE<\/strong><br \/>\n(CPE)<\/p>\n<\/td>\n<td width=\"33%\">\n<p align=\"center\"><strong> <img loading=\"lazy\" decoding=\"async\" class=\"alignnone wp-image-10110 \" src=\"http:\/\/www.lyceedechamalieres.fr\/wp-content\/uploads\/2020\/07\/hm-150x150.jpg\" alt=\"\" width=\"104\" height=\"104\" srcset=\"https:\/\/lyceedechamalieres.fr\/wp-content\/uploads\/2020\/07\/hm-150x150.jpg 150w, https:\/\/lyceedechamalieres.fr\/wp-content\/uploads\/2020\/07\/hm-144x144.jpg 144w, https:\/\/lyceedechamalieres.fr\/wp-content\/uploads\/2020\/07\/hm.jpg 219w\" sizes=\"auto, (max-width: 104px) 100vw, 104px\" \/><br \/>\nM. ROCHE<\/strong><br \/>\n(CPE)<\/p>\n<\/td>\n<\/tr>\n<\/tbody>\n<\/table>\n<p>&nbsp;<\/p>\n<h2>R\u00e8glement int\u00e9rieur du lyc\u00e9e<\/h2>\n<div style=\"text-align: left;\">Retrouvez ici l&rsquo;int\u00e9gralit\u00e9 du r\u00e8glement int\u00e9rieur du lyc\u00e9e pour l&rsquo;ann\u00e9e scolaire\u00a0en cours\u00a0!<br \/>\nLe pr\u00e9sent r\u00e8glement int\u00e9rieur a \u00e9t\u00e9 discut\u00e9 adopt\u00e9 par les membres du Conseil d&rsquo;Administration o\u00f9 sont repr\u00e9sent\u00e9s tous les partenaires de la communaut\u00e9 \u00e9ducative. Il d\u00e9finit les droits et devoirs de l&rsquo;ensemble des membres de la communaut\u00e9 \u00e9ducative. Il a en outre pour objectif de contribuer \u00e0 pr\u00e9parer progressivement les \u00e9l\u00e8ves \u00e0 leur responsabilit\u00e9 de citoyen, dans le respect des principes fondamentaux du service public et de la la\u00efcit\u00e9.<br \/>\nFr\u00e9quenter le lyc\u00e9e entra\u00eene pour les \u00e9l\u00e8ves l\u2019obligation de se conformer au r\u00e8glement int\u00e9rieur en vigueur et pour leurs parents l\u2019acceptation de ce r\u00e8glement.<br \/>\nIl traite par exemple des droits et obligations des \u00e9l\u00e8ves, de l&rsquo;organisation des \u00e9tudes et de la vie scolaire, des absences et retards, des relations avec les familles, de la vie associative, de la protection de la sant\u00e9 et des punitions scolaires et sanctions disciplinaires.<\/div>\n<a href=\"\/_pdf\/reglement_interieur_du_lycee.pdf\" class=\"pdfemb-viewer\" style=\"\" data-width=\"max\" data-height=\"max\" data-mobile-width=\"500\"  data-scrollbar=\"none\" data-download=\"on\" data-tracking=\"on\" data-newwindow=\"on\" data-pagetextbox=\"off\" data-scrolltotop=\"off\" data-startzoom=\"100\" data-startfpzoom=\"100\" data-toolbar=\"both\" data-toolbar-fixed=\"off\">reglement_interieur_du_lycee<br\/><\/a>\n","protected":false},"excerpt":{"rendered":"<p>Autour de\u00a0M. TRAULL\u00c9 (Proviseur), l&rsquo;\u00e9quipe de direction du lyc\u00e9e est compos\u00e9e de : Mme BOUSSANGE (Proviseure-Adjointe) M. SOBREIRO (DDFPT &#8211; Chef de Travaux) Mme GIUDICELLI [&#8230;]<\/p>\n","protected":false},"author":1,"featured_media":0,"parent":164,"menu_order":10,"comment_status":"closed","ping_status":"closed","template":"","meta":{"footnotes":""},"class_list":["post-4394","page","type-page","status-publish","hentry"],"_links":{"self":[{"href":"https:\/\/lyceedechamalieres.fr\/index.php?rest_route=\/wp\/v2\/pages\/4394","targetHints":{"allow":["GET"]}}],"collection":[{"href":"https:\/\/lyceedechamalieres.fr\/index.php?rest_route=\/wp\/v2\/pages"}],"about":[{"href":"https:\/\/lyceedechamalieres.fr\/index.php?rest_route=\/wp\/v2\/types\/page"}],"author":[{"embeddable":true,"href":"https:\/\/lyceedechamalieres.fr\/index.php?rest_route=\/wp\/v2\/users\/1"}],"replies":[{"embeddable":true,"href":"https:\/\/lyceedechamalieres.fr\/index.php?rest_route=%2Fwp%2Fv2%2Fcomments&post=4394"}],"version-history":[{"count":58,"href":"https:\/\/lyceedechamalieres.fr\/index.php?rest_route=\/wp\/v2\/pages\/4394\/revisions"}],"predecessor-version":[{"id":14658,"href":"https:\/\/lyceedechamalieres.fr\/index.php?rest_route=\/wp\/v2\/pages\/4394\/revisions\/14658"}],"up":[{"embeddable":true,"href":"https:\/\/lyceedechamalieres.fr\/index.php?rest_route=\/wp\/v2\/pages\/164"}],"wp:attachment":[{"href":"https:\/\/lyceedechamalieres.fr\/index.php?rest_route=%2Fwp%2Fv2%2Fmedia&parent=4394"}],"curies":[{"name":"wp","href":"https:\/\/api.w.org\/{rel}","templated":true}]}}