{"id":4398,"date":"2014-05-22T11:34:52","date_gmt":"2014-05-22T09:34:52","guid":{"rendered":"http:\/\/www.lyceedechamalieres.fr\/?page_id=4398"},"modified":"2022-06-17T07:41:41","modified_gmt":"2022-06-17T05:41:41","slug":"cote-etudiant","status":"publish","type":"page","link":"https:\/\/lyceedechamalieres.fr\/?page_id=4398","title":{"rendered":"C\u00f4t\u00e9 \u00e9tudiant"},"content":{"rendered":"<h2>Le logement des \u00e9tudiants<\/h2>\n<p>&nbsp;<\/p>\n<p><a href=\"http:\/\/www.lyceedechamalieres.fr\/wp-content\/uploads\/2022\/06\/crous-clermont.png\"><img loading=\"lazy\" decoding=\"async\" class=\"alignnone size-full wp-image-12281\" src=\"http:\/\/www.lyceedechamalieres.fr\/wp-content\/uploads\/2022\/06\/crous-clermont.png\" alt=\"\" width=\"339\" height=\"215\" srcset=\"https:\/\/lyceedechamalieres.fr\/wp-content\/uploads\/2022\/06\/crous-clermont.png 339w, https:\/\/lyceedechamalieres.fr\/wp-content\/uploads\/2022\/06\/crous-clermont-300x190.png 300w\" sizes=\"auto, (max-width: 339px) 100vw, 339px\" \/><\/a><\/p>\n<p>Cliquer ici pour acc\u00e9der \u00e0 <a href=\"https:\/\/usine.crous-clermont.fr\/logements\/\" target=\"_blank\" rel=\"noopener\">la rubrique logement du site du CROUS<\/a><\/p>\n","protected":false},"excerpt":{"rendered":"<p>Le logement des \u00e9tudiants &nbsp; Cliquer ici pour acc\u00e9der \u00e0 la rubrique logement du site du CROUS<\/p>\n","protected":false},"author":1,"featured_media":0,"parent":164,"menu_order":18,"comment_status":"closed","ping_status":"closed","template":"","meta":{"footnotes":""},"class_list":["post-4398","page","type-page","status-publish","hentry"],"_links":{"self":[{"href":"https:\/\/lyceedechamalieres.fr\/index.php?rest_route=\/wp\/v2\/pages\/4398","targetHints":{"allow":["GET"]}}],"collection":[{"href":"https:\/\/lyceedechamalieres.fr\/index.php?rest_route=\/wp\/v2\/pages"}],"about":[{"href":"https:\/\/lyceedechamalieres.fr\/index.php?rest_route=\/wp\/v2\/types\/page"}],"author":[{"embeddable":true,"href":"https:\/\/lyceedechamalieres.fr\/index.php?rest_route=\/wp\/v2\/users\/1"}],"replies":[{"embeddable":true,"href":"https:\/\/lyceedechamalieres.fr\/index.php?rest_route=%2Fwp%2Fv2%2Fcomments&post=4398"}],"version-history":[{"count":7,"href":"https:\/\/lyceedechamalieres.fr\/index.php?rest_route=\/wp\/v2\/pages\/4398\/revisions"}],"predecessor-version":[{"id":12285,"href":"https:\/\/lyceedechamalieres.fr\/index.php?rest_route=\/wp\/v2\/pages\/4398\/revisions\/12285"}],"up":[{"embeddable":true,"href":"https:\/\/lyceedechamalieres.fr\/index.php?rest_route=\/wp\/v2\/pages\/164"}],"wp:attachment":[{"href":"https:\/\/lyceedechamalieres.fr\/index.php?rest_route=%2Fwp%2Fv2%2Fmedia&parent=4398"}],"curies":[{"name":"wp","href":"https:\/\/api.w.org\/{rel}","templated":true}]}}